s divided by 80?
19
Calculate the remainder when 276 is divided by 14.
10
What is the remainder when 144 is divided by 66?
12
Calculate the remainder when 254 is divided by 19.
7
What is the remainder when 147 is divided by 36?
3
Calculate the remainder when 707 is divided by 180.
167
What is the remainder when 4053 is divided by 16?
5
Calculate the remainder when 523 is divided by 56.
19
What is the remainder when 1891 is divided by 26?
19
What is the remainder when 5404 is divided by 17?
15
Calculate the remainder when 57 is divided by 30.
27
Calculate the remainder when 2449 is divided by 33.
7
What is the remainder when 213 is divided by 100?
13
Calculate the remainder when 1189 is divided by 13.
6
Calculate the remainder when 207 is divided by 11.
9
What is the remainder when 1785 is divided by 370?
305
Calculate the remainder when 36 is divided by 15.
6
What is the remainder when 370 is divided by 129?
112
Calculate the remainder when 327 is divided by 314.
13
Calculate the remainder when 2362 is divided by 3.
1
What is the remainder when 51236 is divided by 35?
31
Calculate the remainder when 697 is divided by 18.
13
Calculate the remainder when 1817 is divided by 17.
15
What is the remainder when 141 is divided by 50?
41
Calculate the remainder when 2663 is divided by 134.
117
Calculate the remainder when 1399 is divided by 52.
47
Calculate the remainder when 50 is divided by 32.
18
Calculate the remainder when 99 is divided by 30.
9
What is the remainder when 239 is divided by 60?
59
Calculate the remainder when 14 is divided by 10.
4
What is the remainder when 2129 is divided by 64?
17
Calculate the remainder when 372 is divided by 42.
36
Calculate the remainder when 136 is divided by 45.
1
Calculate the remainder when 256 is divided by 61.
12
Calculate the remainder when 3125 is divided by 68.
65
Calculate the remainder when 984 is divided by 487.
10
What is the remainder when 451 is divided by 55?
11
Calculate the remainder when 1914 is divided by 953.
8
Calculate the remainder when 200 is divided by 65.
5
Calculate the remainder when 2539 is divided by 77.
75
Calculate the remainder when 86 is divided by 8.
6
Calculate the remainder when 58 is divided by 36.
22
Calculate the remainder when 181 is divided by 157.
24
Calculate the remainder when 844 is divided by 71.
63
Calculate the remainder when 62 is divided by 8.
6
Calculate the remainder when 20777 is divided by 11.
9
What is the remainder when 375 is divided by 27?
24
Calculate the remainder when 104 is divided by 45.
14
What is the remainder when 70 is divided by 29?
12
What is the remainder when 1038 is divided by 342?
12
Calculate the remainder when 610 is divided by 51.
49
Calculate the remainder when 236 is divided by 18.
2
What is the remainder when 59 is divided by 8?
3
What is the remainder when 77 is divided by 19?
1
What is the remainder when 10344 is divided by 3?
0
What is the remainder when 281 is divided by 32?
25
Calculate the remainder when 2242 is divided by 1119.
4
What is the remainder when 225 is divided by 3?
0
Calculate the remainder when 1110 is divided by 45.
30
Calculate the remainder when 369 is divided by 31.
28
What is the remainder when 309 is divided by 105?
99
Calculate the remainder when 5937 is divided by 135.
132
What is the remainder when 596 is divided by 26?
24
Calculate the remainder when 191 is divided by 53.
32
What is the remainder when 2165 is divided by 11?
9
Calculate the remainder when 728 is divided by 80.
8
Calculate the remainder when 852 is divided by 64.
20
Calculate the remainder when 48 is divided by 26.
22
Calculate the remainder when 3243 is divided by 38.
13
What is the remainder when 135 is divided by 4?
3
What is the remainder when 105 is divided by 12?
9
What is the remainder when 50 is divided by 40?
10
Calculate the remainder when 1537 is divided by 141.
127
Calculate the remainder when 184 is divided by 130.
54
Calculate the remainder when 680 is divided by 113.
2
Calculate the remainder when 361 is divided by 52.
49
Calculate the remainder when 130 is divided by 66.
64
Calculate the remainder when 130 is divided by 48.
34
Calculate the remainder when 1569 is divided by 6.
3
What is the remainder when 690 is divided by 106?
54
Calculate the remainder when 198 is divided by 52.
42
What is the remainder when 277 is divided by 11?
2
Calculate the remainder when 33 is divided by 9.
6
Calculate the remainder when 3893 is divided by 59.
58
What is the remainder when 208 is divided by 11?
10
Calculate the remainder when 371 is divided by 316.
55
Calculate the remainder when 492 is divided by 16.
12
What is the remainder when 329 is divided by 6?
5
What is the remainder when 125 is divided by 35?
20
What is the remainder when 6070 is divided by 23?
21
Calculate the remainder when 4604 is divided by 144.
140
Calculate the remainder when 134 is divided by 58.
18
Calculate the remainder when 449 is divided by 11.
9
Calculate the remainder when 332 is divided by 106.
14
Calculate the remainder when 825 is divided by 117.
6
Calculate the remainder when 33958 is divided by 60.
58
Calculate the remainder when 215 is divided by 79.
57
Calculate the remainder when 275 is divided by 181.
94
Calculate the remainder when 10799 is divided by 11.
8
What is the remainder when 7199 is divided by 379?
377
Calculate the remainder when 1760 is divided by 13.
5
Calculate the remainder when 1359 is divided by 6.
3
Calculate the remainder when 1374 is divided by 51.
48
Calculate the remainder when 160 is divided by 41.
37
Calculate the remainder when 433 is divided by 20.
13
Calculate the remainder when 1509 is divided by 51.
30
What is the remainder when 535 is divided by 134?
133
Calculate the remainder when 183 is divided by 37.
35
What is the remainder when 57 is divided by 41?
16
Calculate the remainder when 939 is divided by 56.
43
What is the remainder when 595 is divided by 120?
115
Calculate the remainder when 205 is divided by 51.
1
What is the remainder when 930 is divided by 21?
6
Calculate the remainder when 1272 is divided by 74.
14
What is the remainder when 356 is divided by 24?
20
What is the remainder when 74 is divided by 7?
4
What is the remainder when 164 is divided by 43?
35
Calculate the remainder when 1407 is divided by 681.
45
What is the remainder when 1006 is divided by 16?
14
Calculate the remainder when 68 is divided by 10.
8
Calculate the remainder when 109 is divided by 60.
49
What is the remainder when 715 is divided by 74?
49
Calculate the remainder when 597 is divided by 4.
1
Calculate the remainder when 33 is divided by 15.
3
What is the remainder when 108 is divided by 77?
31
Calculate the remainder when 255 is divided by 92.
71
What is the remainder when 346 is divided by 60?
46
What is the remainder when 31 is divided by 23?
8
Calculate the remainder when 301 is divided by 108.
85
Calculate the remainder when 262 is divided by 69.
55
What is the remainder when 660 is divided by 216?
12
Calculate the remainder when 9209 is divided by 111.
107
Calculate the remainder when 3099 is divided by 66.
63
What is the remainder when 208 is divided by 52?
0
What is the remainder when 5303 is divided by 183?
179
What is the remainder when 223 is divided by 46?
39
What is the remainder when 8 is divided by 2?
0
Calculate the remainder when 574 is divided by 18.
16
What is the remainder when 94 is divided by 34?
26
Calculate the remainder when 1263 is divided by 142.
127
Calculate the remainder when 58 is divided by 24.
10
Calculate the remainder when 383 is divided by 96.
95
What is the remainder when 2859 is divided by 1423?
13
Calculate the remainder when 1328 is divided by 95.
93
What is the remainder when 452 is divided by 166?
120
What is the remainder when 199 is divided by 41?
35
What is the remainder when 403 is divided by 101?
100
What is the remainder when 1074 is divided by 78?
60
Calculate the remainder when 572 is divided by 41.
39
What is the remainder when 210 is divided by 100?
10
Calculate the remainder when 86 is divided by 13.
8
Calculate the remainder when 629 is divided by 3.
2
Calculate the remainder when 443 is divided by 120.
83
What is the remainder when 4577 is divided by 1524?
5
Calculate t